alculate the greatest common factor of u and n.
14
Let t = 12 - -4. Suppose 28*h = 36*h - 5120. Calculate the greatest common factor of h and t.
16
Suppose -5*y + y = a - 17, y + 22 = 5*a. Suppose a*z + 3 = 4*z, -2*t + 339 = -5*z. Suppose 0 = 2*q - 23 - 13. Calculate the highest common divisor of q and t.
18
Let g(s) = -s**2 + 25*s + 100. Suppose -4*l = -16, 88 = 3*w - 3*l + 7*l. Let a be g(w). What is the highest common factor of 155 and a?
31
Suppose -16*f - 7*d = -11*f - 28, -5*d - 26 = -3*f. Calculate the highest common divisor of 2800 and f.
7
Let q(y) = y**3 - 22*y**2 + 31*y + 2. Let z be q(21). Suppose z = -5*k + k. Let o = k - -80. What is the greatest common factor of o and 108?
27
Suppose 0 = 5*z - 2*k + 48, 16 = -3*z - 2*k. Let w be 912/7 - 4 - z/(-28). What is the highest common divisor of w and 28?
14
Suppose 41*n - 16576 = -107*n. Suppose -2*z = -4*z + 128. What is the greatest common divisor of z and n?
16
Suppose -572312 = -22*q + 56881 - 77191. What is the highest common divisor of q and 11?
11
Let f be 13 - (-4 + 12/3 + -2). Let d = -25 + f. Let i be (-72)/(-20) - 4/d. Calculate the greatest common factor of 12 and i.
4
Let b be (-75276)/270*20/(-8). Calculate the greatest common factor of 205 and b.
41
Let h = 53 + -54. Let c be h + (-14)/(-5) - 1/(-5). Suppose -9 = c*x - 27. Calculate the greatest common divisor of x and 36.
9
Suppose -2*x = -4, 2*b - 2*x + 22 = -5*x. Let k = b + -45. Let u = -50 - k. What is the greatest common factor of u and 36?
9
Let p be (12/3 + -2)*-1. Let u be p/(-8) + 615/20. Let n = -2868 - -3116. What is the greatest common factor of u and n?
31
Let h(o) = 2*o - 4. Let a be h(4). Suppose 100 - 242 = -z - 5*w, 0 = 3*z + w - 356. Suppose k - a*k = -z. What is the highest common factor of 13 and k?
13
Let h(r) = -217*r**3 + 29*r**2 - r + 3. Let u be h(-3). What is the highest common factor of u and 30?
6
Suppose -5*j - 120 = -70. Let n be (j - -11)/((-4)/(-32)). Suppose -3*o + 100 = -164. What is the highest common factor of o and n?
8
Let t(z) = 277*z - 3280. Let q be t(12). What is the highest common factor of q and 5632?
44
Let c be (-4)/((-8)/6) - (-4)/(-4). Let o be (48/15 - c)/(9/(-30)). Let y be (2/(-4))/((-312)/(-80) + o). What is the greatest common factor of 5 and y?
5
Suppose -2*h - x + 10 = 0, 0 = -2*h + 4*h + 4*x - 22. Suppose -3*i - h*m + 39 = 0, -4*m = -5*i - 0*m + 110. What is the greatest common divisor of i and 18?
18
Suppose 1119 = 96*g - 92*g - 3*k, 5*g - 1370 = -2*k. Calculate the highest common divisor of g and 345.
69
Let w(d) = d**3 + 2*d**2 - 7*d + 10. Let y be w(8). Let x be 35/(-560)*-4*(-5)/(5/(-108)). What is the greatest common factor of x and y?
27
Let n(d) = -d**2 - 9*d + 18. Let r(m) = -m**2 + 4*m + 36. Let v be r(-5). Let w be n(v). Calculate the highest common divisor of 414 and w.
18
Suppose -3*z + 16875 = z + 5*z. What is the greatest common divisor of 75 and z?
75
Suppose -85*f = -80*f. Suppose f = -14*y + 101 - 31. Calculate the greatest common factor of 15 and y.
5
Let l(j) = 34*j + 1571. Let z be l(-42). What is the greatest common factor of z and 31460?
143
Let d(i) = 6*i**2 + 15*i - 7. Let u(t) = 3*t**2 + 8*t - 4. Let x(r) = -6*d(r) + 13*u(r). Let k be x(-6). Calculate the greatest common factor of 4 and k.
2
Suppose 2084*o + 192348 = 2093*o. What is the greatest common factor of o and 26?
26
Suppose 2*t - t + 126 = 3*j, -2*j + 2*t = -84. Let i = 382 + 239. Suppose 327 - i = -14*o. Calculate the greatest common divisor of j and o.
21
Let l(g) = -g**3 + 35*g**2 - 64*g - 52. Let f be l(33). Let t be (-6)/(24/5)*-28. Calculate the highest common factor of f and t.
7
Let z be (-1*(-12)/(-10))/((-4)/(-20)). Let h be (10/z)/(16/48). Let x be 2*h/((-20)/42). What is the highest common factor of x and 3?
3
Let y(h) be the first derivative of -59*h**2/2 - 159*h + 111. Let c be y(-11). Calculate the greatest common divisor of 28 and c.
14
Suppose 37 = -5*i + 97. Suppose -2*n + 9 = -1. Suppose -37 = -n*d - i. What is the greatest common divisor of d and 45?
5
Let f = 85 + -61. Let d(t) = -t**2 - 23*t - 74. Let n be d(-19). Suppose -39 = -q + 3*p, 54 = 3*q - 2*q + n*p. Calculate the greatest common divisor of f and q.
24
Let c = -55792 - -56267. Suppose 0 = 3*r - 4*z - 87, -2*r - z + 16 = -31. Calculate the greatest common divisor of c and r.
25
Let a be (-52 + 59)/((-37)/(-9) - 4). Let j(o) = -7*o**3 + 4*o + 9. Let i be j(-4). What is the highest common factor of i and a?
63
Let x = 31207 - 31092. What is the highest common divisor of x and 1390?
5
Suppose 0 = -844*c + 847*c - 15, -5*g + 5*c = -475. What is the highest common factor of g and 1770?
10
Let i be -13 - -12 - (-15 + -2). Let o be (17 - i)/((-2)/(-18)). Calculate the greatest common factor of o and 72.
9
Let r = 1415 + -1394. Calculate the greatest common factor of 24 and r.
3
Suppose 5*x = 25, -67*o + 68*o - 2*x - 80 = 0. What is the highest common factor of o and 1692?
18
Suppose -3*r + 114 + 102 = 0. Let n = 443 + -383. Calculate the highest common factor of r and n.
12
Suppose -4*p + 288 = -5*m, -m - 144 = -4*p + 2*p. Suppose 0 = 2*i - 5*i + 78. Suppose b + 8 - i = 0. Calculate the highest common factor of p and b.
18
Suppose -s + 1659 = 3*d, -5*s + 4472 = -d - 3807. What is the highest common divisor of s and 184?
184
Let j(a) = -831*a + 1164. Let c be j(-3). What is the greatest common divisor of 636 and c?
159
Let p = 490 - 791. Let u = 321 + p. What is the greatest common factor of 50 and u?
10
Let v(g) = 8882*g + 133. Let b be v(2). Calculate the greatest common divisor of b and 11.
11
Suppose -3*n = d - 151, 4 = 7*d - 6*d. Suppose -32*j + 687 = -n. Calculate the greatest common divisor of j and 92.
23
Suppose 9*z = -3*o + 14*z + 10062, 2*o - 6708 = -z. What is the highest common factor of o and 156?
78
Let s(u) = -95*u - 675. Let p be s(-10). What is the greatest common divisor of 88 and p?
11
Suppose -1620 = 5*u - 2*j, u - 42 = j - 369. Let g = 392 + u. What is the highest common factor of g and 10?
10
Suppose -96*z - 594738 = -236*z - 142*z. What is the highest common factor of z and 1425?
57
Let p(d) = 20*d**2 - 26*d - 5. Let m be p(3). What is the highest common factor of m and 41225?
97
Let b(a) = -a**3 + 10*a**2 + 31*a - 350. Let x be b(9). What is the greatest common factor of x and 8730?
10
Let h(y) = -130*y - 5. Let q be h(-7). Let w = 355 - q. Let i = -343 - w. Calculate the highest common divisor of 23 and i.
23
Let h = 415 + -597. Let k be (1 + 0)/((-14)/h). What is the highest common divisor of k and 273?
13
Suppose 3*a - 5*v + 55 = 517, 5*v - 154 = -a. Calculate the greatest common divisor of a and 42.
14
Let n = -4441 + 4454. What is the highest common factor of 9204 and n?
13
Let m = -1566 - -1629. Calculate the highest common divisor of m and 855.
9
Let l(i) = -i**3 + 2*i - 5. Let a be l(-4). Let k be 22 - (10 + (7 - 29)). What is the greatest common divisor of a and k?
17
Suppose -4*n = -4*k, k + 3*k = 5*n + 4. Let m be (-6)/(-3 - k)*(-9)/2. Calculate the greatest common divisor of 108 and m.
27
Let i = 196 + -194. Let m be i - (-13 + (-30)/(-5)). What is the greatest common divisor of 1 and m?
1
Let x be -6 + (0 + 134 - 7). Let a(l) = -4*l - 2. Let i be a(3). Let t be (-158)/(-14) + 4/i. Calculate the highest common factor of x and t.
11
Suppose 4*k - 150 = 5*c, -3*c = -4*k - 4*c + 162. Let n = -16 - -21. Suppose n*r = 134 - 54. What is the greatest common divisor of k and r?
8
Let h = -2 - -17. Suppose -20*s + 7425 = -2555. Let j = s + -394. What is the highest common divisor of j and h?
15
Let p(a) = a**2 + 17*a + 47. Let h be p(-15). Let d(z) = -z**3 - 15*z**2 - 119. Let b be d(-17). What is the highest common factor of b and h?
17
Let h be (110 + -115 - 224/(-3))/(2/30). Calculate the greatest common factor of 10 and h.
5
Suppose -2*l + 37 = 16*z - 13*z, 11*z + 57 = 4*l. Let o = 85 - 17. Calculate the highest common divisor of l and o.
17
Suppose 6*b + 44 = 4*o, -3*o = -153*b + 151*b - 48. Let k = 4 - -86. Calculate the highest common divisor of o and k.
10
Suppose -3*v + 15 = 5*p, 6 = 2*v + 4*p - 2*p. Let y be 1*(-2 + v + 1). Let c be 11*(2 - (0 + -1)/y). Calculate the highest common factor of 11 and c.
11
Suppose 52*l - 102*l - 324 = -59*l. What is the highest common d